tor of h and 24228.
36
Suppose -473 = -3*t - 317. Suppose 44*x = t*x - 192. Calculate the highest common divisor of 376 and x.
8
Suppose -215*t = -218*t + 30. Let s = t - -14. What is the highest common divisor of 2 and s?
2
Let a(p) = 21*p**2 + 89*p + 9. Let l be a(-6). Let c be 52/(22/4*84/l). Calculate the greatest common divisor of 832 and c.
26
Let l(b) be the third derivative of -b**6/120 + 17*b**5/60 + 3*b**3/2 + 21*b**2. Let c be l(17). Let m = 9 + c. Calculate the highest common factor of 6 and m.
6
Suppose -11*v - 8 = -12*v. Let f = 68 + -80. Let r be 3/(-12) - 27/f. What is the greatest common divisor of r and v?
2
Let s be -1 + 106 - -1 - 2. Let p be ((-2)/8)/(67/(-2144)). What is the highest common divisor of s and p?
8
Let q be 1107/(-164)*(-2 - 70/15). What is the highest common factor of 16785 and q?
45
Let j = 15110 + -8385. Calculate the greatest common factor of 25 and j.
25
Suppose 19 = -11*i - 3. Let w be (1/3*i)/((-10)/120). What is the greatest common factor of 2 and w?
2
Suppose -50*u = 11*u. Let l be (-33 + u + 3)*24/(-30). Calculate the highest common factor of 744 and l.
24
Let g be (2 - -1)*(-3 - -2) + 17. Let x be 566/g - 3/7. Let u = 136 + -76. What is the greatest common factor of u and x?
20
Let y = 3011 - 2839. Calculate the greatest common factor of y and 4.
4
Suppose -n + 3*c + 2 = 0, 0 = 4*n - 2*n - 2*c + 4. Let w be 6 + 10 + 2*2/n. Calculate the highest common divisor of 45 and w.
15
Let y(v) = 111*v - 196. Let t be y(2). Calculate the highest common divisor of 507 and t.
13
Let q(b) = b**2 - 7*b - 1. Let t be q(-5). Suppose -2*k + 70 = -0*m + 4*m, -2*m + 44 = -2*k. Let x = t - m. What is the greatest common divisor of 30 and x?
10
Suppose -5*h - m = -4924 - 10332, 0 = -4*h - 5*m + 12167. Calculate the greatest common factor of h and 355.
71
Let f = 51 + 21. Suppose -55 - 215 = -30*p. What is the highest common factor of f and p?
9
Suppose -9*z + 90 = 158 - 572. What is the greatest common factor of 6202 and z?
14
Suppose 31157 - 7943 = 24*i + 29*i. What is the highest common divisor of 5402 and i?
146
Let q(v) = -12*v - 102. Suppose 2*l + u + 14 = 0, l + 16 + 5 = 3*u. Let f be q(l). Calculate the greatest common divisor of f and 150.
6
Let g = 13 + -75. Let v be g/4*13/((-39)/6). Let n(p) = 3*p + 10. Let u be n(7). What is the greatest common factor of v and u?
31
Let y = 4497 - 4483. Calculate the greatest common divisor of 20 and y.
2
Let d = 35896 + -34760. What is the greatest common factor of d and 528?
16
Suppose 0 = -r - 12 + 4. Let v be 2/(-1) - (-12 + (11 - 4)). Let j be v/((r/60)/(8/(-18))). What is the highest common factor of 80 and j?
10
Let v(s) = 253*s + 9790. Let j be v(-38). What is the greatest common factor of 924 and j?
44
Let m be (114 - 122)*(-6)/3. What is the greatest common factor of 11344 and m?
16
Let o(k) = 25*k + 1018. Let t be o(-31). Let q be (0 - (-189 + 0))/(4 - 3). Calculate the highest common factor of t and q.
27
Let u = 28 - 11. Let n = -12 + u. Suppose 3*q - 40 = -3*l + l, 36 = 2*l + n*q. Calculate the highest common factor of l and 92.
23
Let b = 3054 - -1419. What is the greatest common factor of 567 and b?
63
Let t(m) = -m**2 + 29*m - 57. Let y be t(35). Let s = -234 - y. Calculate the highest common factor of s and 88.
11
Let s(y) = -3 - 43*y - 12 + 48*y - 30. Let l be s(16). What is the highest common divisor of l and 15?
5
Let i = -27838 + 27926. What is the highest common divisor of i and 1375?
11
Let m be 609/21*(0/(-1) + 1). Suppose -m*y + 414 = -11*y. What is the greatest common factor of y and 161?
23
Suppose -4*y = 8, -11*g - 5*y - 80 = -12*g. What is the highest common divisor of g and 3815?
35
Let t = -621 - -1425. Suppose d - 2*g = 5*d - t, -2*d + g + 398 = 0. What is the greatest common divisor of d and 120?
40
Suppose 5*p + 40 = 3*q, -4*p + 2*p - 52 = -3*q. Calculate the greatest common factor of 210 and q.
10
Suppose -5*v + 7 = 2*v. Suppose 2*i + v = 5*l, 2*i + 5*l = -3*i + 85. Suppose 4*n = 13 + 3. What is the highest common divisor of i and n?
4
Let l be -4 + 71 + -2 + (14 - 18)/2. Calculate the greatest common factor of 7833 and l.
21
Suppose 2948 - 1004 = 51*l - 5043. Calculate the greatest common factor of l and 13152.
137
Let c be (-324)/9*-5*(-6)/9. Let j be (-6)/(-15) - c/(-50). Let p = 14 + j. Calculate the greatest common divisor of 132 and p.
12
Let i = 15763 - 14863. What is the highest common divisor of 27 and i?
9
Let c(r) be the third derivative of 17*r**4/24 + 11*r**3/6 - 11*r**2. Let g be c(3). Calculate the highest common divisor of 93 and g.
31
Let c(w) = -14*w + 4. Let n be c(-1). Let z = 93 - n. Suppose -z = -g - 3. What is the highest common factor of 16 and g?
8
Let s be (-2 - 13/(-5)) + (-51)/(-15). Suppose 5*g = -s + 4. Suppose -21*r + 17*r + 300 = g. Calculate the greatest common divisor of 15 and r.
15
Let l = 2985 + -881. What is the greatest common factor of l and 8?
8
Suppose 5*r + 2*d - 138 - 24 = 0, -130 = -4*r - 2*d. Let m be (51/68)/(2/r). Let l = -15 + 33. What is the greatest common factor of l and m?
6
Let c(i) = i**2 + 4*i - 9. Let q(l) = l**2 + 20*l - 38. Let n be q(2). Let m be c(n). What is the greatest common factor of m and 34?
17
Let i be (10/6 + 3)*(87 + -60). What is the highest common divisor of i and 1344?
42
Let d = 241 - 131. Suppose 0 = -3*o + 5*c + 94 + 51, -202 = -4*o - 2*c. Calculate the greatest common factor of d and o.
10
Let c(l) = -l**3 - 18*l**2 - 140*l - 3208. Let i be c(-20). Calculate the greatest common divisor of i and 66248.
392
Suppose -62 = -2*r + 4*r. Let v be -1 + 3 - (r + 1). Let b = -66470 - -66518. What is the highest common factor of v and b?
16
Let n be 60/9*(-12)/(-10). Let j(q) = -9*q + 291. Let i be j(22). Let p be i/13 - n/52. Calculate the greatest common divisor of p and 28.
7
Let a(t) = 16*t - 100. Suppose 17*p + 10 = 18*p. Let v be a(p). What is the greatest common divisor of 40 and v?
20
Suppose 3*d + 17 = 2*o - 15, 3*o - 4*d - 52 = 0. Calculate the greatest common factor of 340 and o.
4
Let i be (24/(-32))/((-95)/(-20) + -5). Let w be (4/(16/60))/(i/54). Calculate the greatest common divisor of w and 60.
30
Let f(j) = -25*j + 735. Let g be f(-6). What is the highest common divisor of 35 and g?
5
Let h be 3/(-4) + (-231)/12 + 5. Let g be (-28)/210 + (-2)/h. Suppose -3*i - 2*s = 0, s + 13 = 5*i - g*i. Calculate the greatest common factor of i and 16.
2
Suppose -h = 8*h + 1107. Let o = h - -161. Let g = o - 26. Calculate the highest common divisor of g and 3.
3
Let y be 1 + 7 + (10*-14 - -7)*-3. Calculate the greatest common divisor of y and 148.
37
Let z(o) = -18*o**3 - 4*o**2 - 2. Let l be z(-2). Suppose -28*x = -29*x + l. What is the greatest common divisor of 28 and x?
14
Let v(l) = 1. Let r(k) = 2*k + 6. Let q(s) = 5*r(s) - 30*v(s). Let z be q(29). What is the greatest common divisor of 10 and z?
10
Let v(i) = i**3 + 48*i**2 + 117*i - 106. Suppose 0 = 4*x + 4*d + 192, 3*d + 15 = -2*d. Let t be v(x). Calculate the highest common divisor of 11 and t.
11
Let c(f) = -3*f**2 - 44*f + 1. Let k be c(-17). Let i be -4*(-6)/(-36)*3 - k. Calculate the highest common divisor of i and 116.
116
Let j = 13730 - 13492. What is the highest common divisor of j and 3213?
119
Let l(z) = -3*z**2 + 17*z + 12. Let h be l(6). Let d be (0 - 34/(-4))*h. What is the greatest common factor of d and 408?
51
Suppose 10*i - 8528 = 5*i - 8*i. Calculate the highest common factor of i and 144.
16
Suppose -2435*r = -2409*r - 1196. Calculate the greatest common factor of 40664 and r.
46
Suppose -3*l - 342 + 969 = 3*d, -d - 615 = -3*l. What is the highest common divisor of 11021 and l?
103
Let u(r) = 6*r**3 + 2*r**2 + 2*r + 2. Let k be u(-1). Let i be 1*(2/(-2) + k) + 53. Let n be 47/3 + 1/3. Calculate the greatest common factor of i and n.
16
Let g(j) = j**2 + 220. Let p be g(0). Suppose 10*o + 2536 = 2756. What is the highest common factor of p and o?
22
Let a(m) = -34*m - 18. Let h be a(-1). Suppose 0*i + 896 = h*i. What is the highest common factor of i and 98?
14
Let p = -2434 + 2443. Calculate the greatest common factor of 711 and p.
9
Let j = 104 + -220. Suppose 34*f = 2346 + 5508. Let y = j + f. Calculate the highest common factor of y and 5.
5
Suppose 4*v = -13*g + 18*g + 698, -4*v + 694